12528 and 5742?
522
Calculate the greatest common factor of 621060 and 900.
60
Calculate the greatest common divisor of 132 and 7164.
12
What is the highest common factor of 56360 and 320?
40
Calculate the highest common divisor of 116986 and 4756.
58
What is the highest common factor of 29343 and 9?
3
What is the greatest common divisor of 1938 and 3420?
114
What is the greatest common divisor of 4403 and 86173?
629
What is the highest common factor of 132032 and 128?
64
What is the highest common factor of 534 and 15308?
178
Calculate the greatest common divisor of 105 and 262815.
105
Calculate the highest common factor of 854 and 2954.
14
What is the highest common factor of 1227 and 106340?
409
What is the greatest common factor of 10 and 2269280?
10
Calculate the greatest common factor of 2673 and 616.
11
Calculate the highest common factor of 3380 and 16.
4
What is the greatest common divisor of 13365 and 2805?
165
What is the greatest common divisor of 132 and 75812?
44
What is the highest common divisor of 4984 and 5591336?
712
What is the highest common divisor of 670 and 2180?
10
What is the greatest common factor of 1023 and 19701?
33
What is the greatest common divisor of 41 and 39647?
41
Calculate the highest common divisor of 297 and 3443.
11
What is the highest common divisor of 1596051 and 9?
9
Calculate the highest common divisor of 437 and 355186.
19
What is the highest common factor of 1152448 and 3520?
704
What is the highest common factor of 83184 and 1044?
12
Calculate the highest common divisor of 41138 and 38068.
614
Calculate the greatest common divisor of 535410 and 150.
30
What is the highest common divisor of 379028 and 25216?
788
Calculate the highest common divisor of 103330 and 40.
10
Calculate the greatest common factor of 21154 and 182.
14
Calculate the highest common factor of 21123 and 90.
9
What is the highest common divisor of 323 and 8740?
19
Calculate the highest common factor of 97856 and 102443.
1529
Calculate the greatest common divisor of 4 and 15398.
2
What is the greatest common factor of 12 and 218748?
12
Calculate the highest common factor of 368 and 18538.
46
Calculate the greatest common divisor of 19698 and 5292.
294
Calculate the highest common factor of 3493350 and 18.
18
Calculate the highest common factor of 368 and 2144336.
368
Calculate the greatest common factor of 2164 and 108.
4
What is the greatest common factor of 203 and 1449?
7
Calculate the greatest common factor of 86 and 37860.
2
Calculate the greatest common divisor of 7 and 6540702.
7
What is the highest common factor of 9503 and 4420?
221
Calculate the greatest common divisor of 51 and 113.
1
Calculate the highest common divisor of 12 and 937122.
6
What is the greatest common factor of 4632 and 386?
386
Calculate the highest common factor of 189 and 366.
3
Calculate the greatest common divisor of 130691 and 22.
11
What is the highest common factor of 4264 and 37392?
328
Calculate the greatest common factor of 79 and 138961.
79
What is the greatest common divisor of 90 and 136110?
30
Calculate the highest common factor of 83 and 1608374.
83
What is the greatest common factor of 394853 and 122?
61
Calculate the greatest common factor of 930 and 764398.
62
What is the greatest common factor of 4370 and 3515?
95
Calculate the highest common divisor of 168166 and 188.
94
Calculate the highest common divisor of 501510 and 2061.
687
What is the highest common factor of 6670 and 2610?
290
What is the greatest common factor of 7747128 and 12?
12
What is the highest common divisor of 5037 and 2139?
69
What is the highest common divisor of 1195 and 17208?
239
Calculate the greatest common divisor of 148499 and 13.
13
What is the greatest common factor of 54072 and 1296?
72
Calculate the highest common factor of 7413 and 252.
21
Calculate the greatest common factor of 212786 and 14.
14
Calculate the highest common factor of 5746 and 108290.
442
Calculate the greatest common factor of 760 and 1925536.
152
Calculate the greatest common divisor of 4152 and 480.
24
Calculate the highest common divisor of 18849 and 1647.
183
Calculate the highest common divisor of 1930 and 8492.
386
Calculate the greatest common divisor of 504380 and 370.
10
Calculate the highest common factor of 108307 and 34.
17
What is the greatest common divisor of 18 and 632700?
18
Calculate the highest common divisor of 170 and 1752445.
85
What is the highest common divisor of 68 and 175678?
34
What is the highest common factor of 115 and 66999?
23
Calculate the greatest common factor of 4902 and 1806.
258
What is the highest common divisor of 1 and 512?
1
Calculate the highest common divisor of 34 and 1658554.
34
Calculate the greatest common factor of 180 and 4852.
4
What is the greatest common factor of 138 and 30432?
6
What is the highest common factor of 819 and 153783?
63
What is the highest common divisor of 16614 and 7488?
234
What is the greatest common divisor of 105553 and 34?
17
Calculate the highest common factor of 322 and 116760.
14
What is the greatest common divisor of 861 and 541323?
123
Calculate the highest common divisor of 1184 and 928.
32
Calculate the greatest common factor of 29 and 251.
1
Calculate the greatest common divisor of 197248 and 26197.
1541
Calculate the highest common divisor of 888594 and 1554.
42
What is the greatest common factor of 40969313 and 77?
77
Calculate the highest common divisor of 30552 and 11248.
152
Calculate the highest common factor of 916735 and 830.
415
What is the greatest common divisor of 27416 and 414?
46
Calculate the highest common divisor of 239183 and 329.
329
What is the highest common factor of 319 and 7704169?
319
What is the highest common factor of 68 and 701828?
68
What is the highest common divisor of 9 and 36171?
9
What is the greatest common factor of 510560 and 80?
80
Calculate the highest common factor of 29 and 373172.
29
Calculate the highest common divisor of 87544 and 2232.
248
Calculate the highest common divisor of 680994 and 432.
54
Calculate the greatest common factor of 748 and 16524.
68
Calculate the highest common factor of 27770 and 30.
10
What is the highest common factor of 514 and 6?
2
Calculate the highest common factor of 252 and 12924.
36
Calculate the greatest common factor of 28363 and 1243.
113
What is the highest common factor of 290559 and 345?
69
Calculate the greatest common factor of 110165 and 605.
55
What is the highest common divisor of 218 and 39349?
109
What is the highest common divisor of 22050 and 5985?
315
Calculate the greatest common factor of 4193 and 287.
7
What is the greatest common factor of 2405 and 6955?
65
What is the highest common divisor of 106 and 240620?
106
What is the greatest common divisor of 70140 and 6860?
140
Calculate the highest common factor of 70 and 1738702.
14
What is the highest common factor of 13045 and 1485?
5
What is the highest common factor of 360 and 2321910?
90
What is the highest common divisor of 55246 and 253?
23
Calculate the highest common divisor of 17225 and 6095.
265
What is the greatest common factor of 15276 and 18492?
804
What is the highest common factor of 330425 and 75?
25
What is the greatest common divisor of 2002224 and 606?
606
What is the highest common factor of 70560 and 50?
10
What is the greatest common divisor of 76900 and 2300?
100
What is the highest common divisor of 6923 and 133?
7
Calculate the highest common divisor of 7492527 and 3.
3
What is the highest common factor of 9699866 and 44?
22
Calculate the greatest common divisor of 21952 and 320.
64
Calculate the highest common factor of 3240 and 619560.
360
What is the greatest common divisor of 71048 and 9202?
214
Calculate the highest common divisor of 6845 and 185.
185
What is the highest common factor of 957 and 49677?
87
Calculate the highest common factor of 179 and 191351.
179
What is the highest common factor of 2045020 and 80?
20
Calculate the highest common divisor of 1195610 and 3536.
442
Calculate the greatest common divisor of 777 and 40663.
259
What is the highest common factor of 195174 and 2016?
126
Calculate the highest common factor of 174847 and 477.
53
What is the highest common factor of 56 and 146456?
8
What is the hi